{"id":3201,"date":"2017-11-12T19:16:59","date_gmt":"2017-11-12T18:16:59","guid":{"rendered":"http:\/\/borthenerbluetenfest.de\/?page_id=3201"},"modified":"2026-04-13T11:49:03","modified_gmt":"2026-04-13T09:49:03","slug":"webcam-2018","status":"publish","type":"page","link":"https:\/\/borthenerbluetenfest.de\/herzlich-willkommen-in-borthen-zum-bluetenfest\/webcam-2018","title":{"rendered":"Webcam &#8211; Immer aktuell"},"content":{"rendered":"<h6>Unsere Webcams sind noch nicht wieder aktiv. Hier Bilder der B\u00fchnen im S\u00e4chsisch B\u00f6hmischen Bauernmarkt und im Schlosspark aus 2025.<\/h6>\n<h2>Blick auf die B\u00fchne im Bauernmarkt<\/h2>\n\n\t\t<div class=\"react-webcam\"\n\t\t\tdata-ajax-url=\"https:\/\/borthenerbluetenfest.de\/wp-admin\/admin-ajax.php\"\n\t\t\tdata-images-root-url=\"https:\/\/borthenerbluetenfest.de\/wp-content\/uploads\/webcam\/webcam_1\/\"\n\t\t\tdata-subdir=\"webcam_1\"\n\t\t\tdata-initial-image-filename=\"IMG_7972.jpg\"\n\t\t\tdata-refresh-interval=\"60\">\n\t\t\t<img decoding=\"async\" src=\"https:\/\/borthenerbluetenfest.de\/wp-content\/uploads\/webcam\/webcam_1\/IMG_7972.jpg\" \/>\n\t\t<\/div>\n<h2>Blick auf die B\u00fchne im Schlosspark<\/h2>\n\n\t\t<div class=\"react-webcam\"\n\t\t\tdata-ajax-url=\"https:\/\/borthenerbluetenfest.de\/wp-admin\/admin-ajax.php\"\n\t\t\tdata-images-root-url=\"https:\/\/borthenerbluetenfest.de\/wp-content\/uploads\/webcam\/webcam_2\/\"\n\t\t\tdata-subdir=\"webcam_2\"\n\t\t\tdata-initial-image-filename=\"PHOTO-2025-05-01-16-54-57.jpg\"\n\t\t\tdata-refresh-interval=\"60\">\n\t\t\t<img decoding=\"async\" src=\"https:\/\/borthenerbluetenfest.de\/wp-content\/uploads\/webcam\/webcam_2\/PHOTO-2025-05-01-16-54-57.jpg\" \/>\n\t\t<\/div>\n   ","protected":false},"excerpt":{"rendered":"<p>Unsere Webcams sind noch nicht wieder aktiv. Hier Bilder der B\u00fchnen im S\u00e4chsisch B\u00f6hmischen Bauernmarkt und im Schlosspark aus 2025. Blick auf die B\u00fchne im Bauernmarkt Blick auf die B\u00fchne im Schlosspark<\/p>\n","protected":false},"author":1,"featured_media":2789,"parent":0,"menu_order":0,"comment_status":"closed","ping_status":"closed","template":"","meta":{"ngg_post_thumbnail":0,"footnotes":""},"class_list":["post-3201","page","type-page","status-publish","has-post-thumbnail","hentry"],"_links":{"self":[{"href":"https:\/\/borthenerbluetenfest.de\/herzlich-willkommen-in-borthen-zum-bluetenfest\/wp-json\/wp\/v2\/pages\/3201","targetHints":{"allow":["GET"]}}],"collection":[{"href":"https:\/\/borthenerbluetenfest.de\/herzlich-willkommen-in-borthen-zum-bluetenfest\/wp-json\/wp\/v2\/pages"}],"about":[{"href":"https:\/\/borthenerbluetenfest.de\/herzlich-willkommen-in-borthen-zum-bluetenfest\/wp-json\/wp\/v2\/types\/page"}],"author":[{"embeddable":true,"href":"https:\/\/borthenerbluetenfest.de\/herzlich-willkommen-in-borthen-zum-bluetenfest\/wp-json\/wp\/v2\/users\/1"}],"replies":[{"embeddable":true,"href":"https:\/\/borthenerbluetenfest.de\/herzlich-willkommen-in-borthen-zum-bluetenfest\/wp-json\/wp\/v2\/comments?post=3201"}],"version-history":[{"count":11,"href":"https:\/\/borthenerbluetenfest.de\/herzlich-willkommen-in-borthen-zum-bluetenfest\/wp-json\/wp\/v2\/pages\/3201\/revisions"}],"predecessor-version":[{"id":3663,"href":"https:\/\/borthenerbluetenfest.de\/herzlich-willkommen-in-borthen-zum-bluetenfest\/wp-json\/wp\/v2\/pages\/3201\/revisions\/3663"}],"wp:featuredmedia":[{"embeddable":true,"href":"https:\/\/borthenerbluetenfest.de\/herzlich-willkommen-in-borthen-zum-bluetenfest\/wp-json\/wp\/v2\/media\/2789"}],"wp:attachment":[{"href":"https:\/\/borthenerbluetenfest.de\/herzlich-willkommen-in-borthen-zum-bluetenfest\/wp-json\/wp\/v2\/media?parent=3201"}],"curies":[{"name":"wp","href":"https:\/\/api.w.org\/{rel}","templated":true}]}}